 + 3 - 0
0
What is the value of 54 + -67 + (4 - 1) + 2?
-8
What is the value of -6 - (-10 - 3) - 2?
5
-6 - (0 + -1 + 0)
-5
Evaluate (-8 - -1) + (-23 - -19) + 11.
0
What is the value of -3 + (1 - (2 + 0))?
-4
Evaluate (-4 - (-6 - -9)) + 5 + 0.
-2
What is the value of 0 + -5 - (10 + -16 + 5)?
-4
Calculate 5 + (1 + 1 - 3).
4
Calculate -20 + 17 + (1 - -1).
-1
What is the value of 2 + -1 + (-4 - -8) + -9?
-4
Evaluate -7 + 1 - (7 + -14).
1
Calculate -1 + 0 + (5 - 7) + 8.
5
-2 + (7 - (2 + 3) - 7)
-7
Calculate -1 - (-1 + 0 + -3) - -1.
4
-4 - -10 - 10 - -1
-3
2 + -4 + 6 + 1
5
What is (4 - 0) + (-9 - -1)?
-4
Evaluate -10 - 0 - (10 + (4 - 15)).
-9
Calculate (-15 - -17) + 1 + -6.
-3
What is the value of 3 + 2 + -6 + 1?
0
Calculate -5 + 3 - (3 + -5 - 0).
0
What is the value of (-3 - -3) + 3 - (7 - 1)?
-3
Evaluate -14 + (7 + -2 - -2).
-7
-8 + (1 - -5) + 7 + -2
3
What is (-15 - -19 - 15) + 0 + 2?
-9
Calculate -7 + (0 + (-1 - -7) - 9).
-10
What is the value of -2 - (-5 + -8 + 6 + 7)?
-2
What is 3 + -4 + (13 - 9) + -7?
-4
-2 - -4 - (-4 - -5)
1
(-1 + 5 - (-4 - -5)) + 0
3
Calculate (-2 - (0 - -1)) + 1.
-2
Evaluate (-37 - -36) + -1 + -2 + 0.
-4
What is -6 + (-2 - (4 + -7))?
-5
What is -15 + 10 + (2 - -1)?
-2
Evaluate 13 + -22 - -13 - (2 + 1).
1
4 - (-1 - -3 - 1)
3
What is the value of 11 + -10 + 1 - (-2 + 3)?
1
What is the value of 0 - 7 - (-3 + -3 + -11)?
10
Evaluate (1 - 4 - -3 - 0) + -5.
-5
Evaluate -7 + (-4 - -1 - 1 - -6).
-5
Calculate -1 - (-1 - 3 - 0 - -7).
-4
Evaluate -5 + -2 + (5 - 6) + 6.
-2
Calculate (-2 - 1) + 1 + 6.
4
What is -2 + -1 - (0 - 3) - -3?
3
Evaluate 24 + -19 - (3 - -7).
-5
What is the value of 4 + -1 + (-10 - (-7 - -6))?
-6
(-14 - -5) + 1 + -2 + 2
-8
3 + (-6 - 4) - 0
-7
What is (0 - -5) + -1 + -2?
2
What is (1 - -9) + 0 - (4 - 0)?
6
What is the value of -8 + 11 + (8 - 8) + -2?
1
4 - (4 - (6 - 8))
-2
What is 0 + (7 - 11) + -2?
-6
What is the value of 2 - -1 - (-12 + (0 - -11))?
4
What is (-1 - -3) + (-16 - -15)?
1
Evaluate (-6 - (-9 + 5)) + (4 - 6).
-4
Calculate -1 + -2 - (1 - (1 + -2)).
-5
3 - (6 - 4 - 5 - -4)
2
Evaluate (22 - 16) + -2 + 1 + 1.
6
What is the value of 3 - 1 - (10 + 1 + -3)?
-6
What is the value of 1 - (-7 + 4 + 8)?
-4
Evaluate -3 + (-7 - -11) + -2 + 0.
-1
What is the value of 1 + -8 + 1 + 9?
3
What is the value of 13 + -7 + 0 + -6?
0
Calculate (-5 - 0) + (13 - 13).
-5
What is the value of -14 - -9 - (-5 - 1)?
1
What is the value of -3 + -1 + 10 + -10?
-4
Evaluate (-2 - (-3 + 2)) + 9 + -6.
2
What is -3 - (-4 - 2 - (3 - 2))?
4
-1 + (1 - (0 + 4)) - -3
-1
Calculate 14 + -12 - (0 - (-6 + 2)).
-2
(-4 - -1) + -5 - (-21 + 22)
-9
What is (-4 - 1) + -1 + -194 + 195?
-5
Calculate 1 - (0 + 3 - 1).
-1
What is -6 + (-6 + 15 - 7)?
-4
Calculate 7 + (-3 - (5 + 0 - 8)).
7
-2 + 4 + 5 - (-34 - -38)
3
Evaluate -1 + (3 - (-4 + 8 - 2)).
0
Calculate 1 - (2 - 4) - 4.
-1
What is the value of (-2 - -6) + (-3 - (2 - 3))?
2
What is the value of -4 + 5 - ((-4 - -5) + 0)?
0
Calculate 0 + (1 - (-6 + 5)).
2
16 + -9 - (-1 - -4)
4
What is the value of (0 - (6 + -9)) + -1 - 4?
-2
What is the value of -2 + (3 - (1 - (-3 + 1)))?
-2
4 + -5 + -4 + (7 - 2)
0
6 + (1 - -1) + 6 + -14
0
What is (0 - (10 - (-4 - -9))) + 3?
-2
6 + (11 - (9 + 5))
3
What is -1 + -11 - -8 - 0?
-4
Calculate 5 + -6 + -3 + -2.
-6
Evaluate 4 + 0 + 2 + 0.
6
-3 + -3 + 3 + 3
0
Calculate 1 + (6 - (-1 - (0 + -6))).
2
(-5 - -6) + (-3 - 1)
-3
Evaluate 25 + -28 + (-2 - (-3 - 1)).
-1
What is the value of -4 + (-33 - -41) + 0 + 1?
5
Evaluate 5 + 2 + -3 + -2 - -1.
3
What is the value of 0 + 1 - (-5 - -9)?
-3
(-2 - -17) + (12 - 19)
8
What is the value of 0 + -5 + 9 - (-3 - -12)?
-5
What is the value of -2 - (-4 + 3) - (2 - -1)?
-4
Evaluate -3 + -3 + 7 + 1.
2
1 + 1 + (-8 - -1 - -7)
2
Calculate -1 - -3 - (-1 - -2).
1
What is (0 + -3 - -6) + 0?
3
What is (1 - 3) + (9 - (-3 + 5))?
5
Calculate 4 - ((-50 - -58) + 1 + 5).
-10
What is (3 - (0 + -2)) + -2 + 0?
3
Evaluate 5 - ((3 - 0) + 0) - 1.
1
Calculate (2 - 15) + (7 - 1 - 1).
-8
(-11 - (-10 - -2)) + 6
3
Evaluate -5 + 7 + -4 + 1.
-1
Calculate (24 - 2 - 6) + (1 - 8).
9
What is -5 + 9 + (1 - 2 - -6)?
9
What is -1 + 2 + 0 - (10 - 8)?
-1
What is 1 - (-3 + -5 + 2 - -4)?
3
What is the value of (3 - (14 + -2)) + 0 + 4?
-5
-1 + -1 + 5 - 3
0
What is 1 + -8 + 11 + 0?
4
2 - -9 - 8 - 6
-3
Calculate -2 + -1 + 5 - (-30 - -35).
-3
6 + (-1 - -2 - 13)
-6
21 + -19 - (4 + 0)
-2
What is the value of -8 + 5 + -3 + -2 + 3?
-5
What is the value of -2 + 1 + -1 + -2?
-4
What is 5 + (-1 - -1) + (-72 - -65)?
-2
Calculate (-2 - -1 - -1) + (-1 - -1).
0
What is the value of 6 + -2 + (-1 - 1) + 2?
4
Calculate -6 + 6 - (-11 + 12).
-1
Calculate 3 - 11 - (4 + -10).
-2
What is (-4 + 1 - 5) + 4?
-4
(4 - 7) + 0 + (0 - 1)
-4
What is (5 - 5) + (2 - (2 - 0))?
0
What is (0 - 1) + -1 + (7 - 2)?
3
Evaluate -3 + 3 + 2 + -5.
-3
What is 0 + -4 + (-20 - -24)?
0
What is the value of (1 + 5 - 13) + 7?
0
What is the value of 1 + (-1 + 6 - 3)?
3
What is the value of 11 + -13 + -3 + (1 - 0)?
-4
What is the value of (6 - 2) + (1 - 7)?
-2
-10 + (3 + -3 - -4) - -3
-3
(-8 - -3) + 5 + 0 + -1
-1
(-13 - -16) + 1 + 0
4
Calculate 1 - (2 - 3) - (-1 - 0).
3
Evaluate -14 + 16 + (-1 - 0).
1
Calculate 5 + -5 + 3 + -8.
-5
What is -8 + 9 + -5 + 1?
-3
-3 + -4 + -4 + 3 - -2
-6
What is the value of (-6 - -3 - 2) + 2?
-3
What is -4 + -4 - (1 + -2) - -8?
1
What is 1 - -4 - (8 + (4 - 10))?
3
0 - (1 + 2) - -8
5
Calculate 7 + -3 - -5 - 4.
5
Evaluate 3 + 4 + -8 + (2 - -2).
3
-2 + (-3 - (1 - 1))
-5
-3 - (5 + -15 + 0 - -2)
5
Calculate 4 + -7 + 4 - 6.
-5
Calculate (0 - -2) + -6 + 4 + 4.
4
Evaluate -5 + (0 - (-1 + 0)).
-4
What is the value of 10 - -3 - (10 + 1 - 4)?
6
What is 0 + -1 - (3 + 1)?
-5
What is 0 - -3 - (5 + 0 - -3)?
-5
What is the value of (10 - (1 + 0)) + (-1 - 2)?
6
3 + -2 + 1 + -6
-4
What is the value of 5 - -2 - (10 - 11)?
8
What is -2 + 5 + 2 + -1 + -5?
-1
Evaluate -6 + 14 - (7 - 2).
3
What is the value of 3 - (-3 + 5 + -5 + 0)?
6
Evaluate 5 + (-12 + 8 - 2).
-1
Calculate 0 + 3 + -4 + 4 + 2.
5
Calculate -1 - (7 + (1 - -2 - 16)).
5
What is 3 + -6 + 2 + -4 + 0?
-5
5 - 14 - (2 + -10)
-1
Evaluate -6 + (7 - 1 - (-2 + 3)).
-1
Evaluate -8 - (-11 + 11 + -4).
-4
What is the value of 33 - 28 - (0 - (2 + -2))?
5
Calculate -6 - (0 + 1 - (-11 + 13)).
-5
What is the value of 6 - 6 - (0 - -1)?
-1
(-7 - -1) + -19 + 28 + 0
3
2 - (0 + 6 + -2 - 7)
5
Calculate (56 - 58) + -1 + 6.
3
Evaluate 2 - -1 - -1 - (3 + -1).
2
Calculate 6 + 1 - (23 + 2 + -12).
-6
Evaluate 3 - (3 - (2 + -1 + -2)).
-1
Calculate (1 - -1) + 4 - (8 + -4).
2
(0 - -4) + (-86 - -91)
9
Calculate 1 + -9 + 28 + -23.
-3
-3 + 4 + (-7 - -6)
0
What is (4 + -12 - -15) + -9?
-2
(-7 + 5 - 1 - 1) + 10
6
Calculate -3 - (-2 - -4 - (-1 - -6)).
0
12 + (-21 - (-2 + -8))
1
(2 - 4) + 1 + (-1 - 0)
-2
What is 0 - (-1 - -1 - 3)?
3
1 + 1 + -2 + -1
-1
Calculate (2 - (-1 - -2)) + 14 + -15.
0
Evaluate (-4 - -4) + -2 + 1.
-1
(34 - 31) + (0 - 3)
0
Calculate 7 + -10 - (0 - -1).
-4
What is the value of (-3 + -2 + 9 - 8) + 5?
1
1 - 4 - (-2 - 5)
4
Calculate (-1 - -5) + (2 - 1).
5
What is the value of 0 + -4 - (-1 + (0 - 3))?
0
What is -19 - -20 - (-3 - -2) - -7?
9
Calculate (-3 - 0) + 0 + 0 + 2.
-1
What is (-8 - -12) + -1 + -5?
-2
-35 + 15 - (-1 - 9)
-10
(-6 - 0 - -7) + -10 - -2
-7
What is -5 + (-17 - -12 - (2 - 5))?
-7
12 - 12 - (-3 - -3)
0
(-1 - ((3 - -3) + -2)) + 9
4
What is 4 + -1 + (-8 - (-2 + 0))?
-3
Evaluate -9 - -9 - -3 - 6.
-3
What is the value of 2 + -2 - (-6 - -8)?
-2
1 + 10 + -137 + 129
3
What is the value of 3 - -1 - 3 - (-7 - -8)?
0
What is -9 + 1 - (-15 + 8 - -3)?
-4
What is 1 - (1 - -2) - (7 - 0)?
-9
Evaluate (1 - -4) + (1 + 3 - 3).
6
Evaluate (-5 - (2 - 0)) + (2 - 0).
-5
Calculate -7 + (11 - (-5 + 5 + 7)).
-3
What is 3 + (-1 + -2 - (2 + -5))?
3
Evaluate -7 + (-5 + 24 + -5 - 4).
3
4 + 4 + -5 - (1 - -7)
-5
Calculate 6 - (-8 + 16 + -4).
2
-9 - (1 - (-3 + 11))
-2
What is (-1 + 0 + 1 - -1) + 3?
4
Evaluate (-3 - 2) + 4 + 3.
2
(3 - (-1 + 5)) + (-1 - -2)
0
Evaluate 81 - 75 - (1 - -5).
0
Evaluate 8 - (-13 - (0 + -15)).
6
Evaluate 7 + (2 - 2) - (-9 - -15).
1
Evaluate -1 + -9 + (8 - (3 + 2)).
-7
Calculate -2 - (-1 + -4 - (-22 - -17)).
-2
What is (-15 - -7) + 0 + 3?
-5
What is the value of 1 + 2 - (8 + -16 + 8)?
3
Evaluate -1 + (2 + 0 + -7 - -7).
1
Evaluate 7 + 4 - (-6 - -16).
1
Calculate 2 + 1 - (-16 -